{"id":4987,"date":"2024-10-29T21:56:52","date_gmt":"2024-10-29T18:56:52","guid":{"rendered":"https:\/\/areltrailer.com\/semirremolque-basculante-de-media-cana\/"},"modified":"2026-08-30T21:17:57","modified_gmt":"2026-08-30T18:17:57","slug":"semirremolque-basculante-de-media-cana","status":"publish","type":"page","link":"https:\/\/areltrailer.com\/es\/semirremolque-basculante-de-media-cana\/","title":{"rendered":"Semirremolque Basculante de Media Ca\u00f1a"},"content":{"rendered":"<div class=\"wpb-content-wrapper\"><p>[vc_row][vc_column][vc_empty_space][\/vc_column][\/vc_row][vc_row full_width=\u00bbstretch_row_content\u00bb][vc_column width=\u00bb1\/2&#8243; css=\u00bb.vc_custom_1727805812339{border-right-width: 1px !important;border-right-style: solid !important;border-color: #2D506F4D !important;}\u00bb][vc_column_text css=\u00bb\u00bb]<a href=\"https:\/\/areltrailer.com\/es\/semirremolque-basculante-de-media-cana\/\">Semirremolques volquete <\/a> REMOLQUE VOLQUETE MEDIO TUBO o <a href=\"https:\/\/areltrailer.com\/es\/semirremolque-basculante-de-media-cana\/\">Semirremolques agregados<\/a> est\u00e1n dise\u00f1ados para transportar agregados a granel como arena, grava, piedra triturada y otros materiales utilizados en la construcci\u00f3n y construcci\u00f3n de carreteras. Estos remolques est\u00e1n dise\u00f1ados para manejar la naturaleza pesada y abrasiva de los agregados y, a menudo, vienen con caracter\u00edsticas especializadas para una carga, transporte y descarga eficientes. Estas son las especificaciones t\u00edpicas de los semirremolques agregados:<\/p>\n<p><strong>          Use<\/strong>: Suelo, Demolici\u00f3n, Asfalto, Grava, Rocas grandes, Arcilla, Rocas peque\u00f1as, Lodos, Arena<\/p>\n<p>&nbsp;<\/p>\n<ul>\n<li>Dise\u00f1o personalizado<\/li>\n<li>Volume: 22 m3 &#8211; 40 m3<\/li>\n<li>Material : HARDOX 450 -TUF 500, DOMEX S700MC, S355JR<\/li>\n<li>Fabricaci\u00f3n con tama\u00f1o y tipo especial seg\u00fan su demanda<\/li>\n<li>Sistemas de ejes autodireccionales<\/li>\n<li>N\u00famero de ejes: 2-3-4<\/li>\n<li>Marca del eje:                 SAF &#8211; BPW &#8211; MPD -TRAX &#8211;  OSMAN KOC &#8211; RELAX<\/li>\n<li>Capacidad del eje:                 12 \u2013 14 \u2013 16 ton<\/li>\n<li>Ruedas: (385\/65-R22,5)   (12 R-22,5)<\/li>\n<li>Suspensi\u00f3n: NEUM\u00c1TICA, MEC\u00c1NICA<\/li>\n<li>Sistemas de freno: EBS or ABS  &#8212; WABCO &#8211; KNORR BREMSE &#8211; HALDEX<\/li>\n<li>Colores: C\u00f3digos RAL a petici\u00f3n del cliente<\/li>\n<li>Electrical System     Sa-Ba, Asp\u00f6ck<\/li>\n<\/ul>\n<p>[\/vc_column_text][\/vc_column][vc_column width=\u00bb1\/2&#8243;][vc_row_inner][vc_column_inner width=\u00bb1\/2&#8243;][vc_single_image image=\u00bb2810&#8243; img_size=\u00bbfull\u00bb style=\u00bbvc_box_rounded\u00bb onclick=\u00bblink_image\u00bb css=\u00bb\u00bb][\/vc_column_inner][vc_column_inner width=\u00bb1\/2&#8243;][vc_single_image image=\u00bb2809&#8243; img_size=\u00bbfull\u00bb style=\u00bbvc_box_rounded\u00bb onclick=\u00bblink_image\u00bb css=\u00bb\u00bb][\/vc_column_inner][\/vc_row_inner][\/vc_column][vc_column width=\u00bb1\/2&#8243;][vc_single_image image=\u00bb2811&#8243; img_size=\u00bbfull\u00bb style=\u00bbvc_box_rounded\u00bb onclick=\u00bblink_image\u00bb css=\u00bb\u00bb][\/vc_column][\/vc_row][vc_row][vc_column][vc_empty_space][\/vc_column][\/vc_row]<\/p>\n<\/div>","protected":false},"excerpt":{"rendered":"<p>[vc_row][vc_column][vc_empty_space][\/vc_column][\/vc_row][vc_row full_width=\u00bbstretch_row_content\u00bb][vc_column width=\u00bb1\/2&#8243; css=\u00bb.vc_custom_1727805812339{border-right-width: 1px !important;border-right-style: solid !important;border-color: #2D506F4D !important;}\u00bb][vc_column_text css=\u00bb\u00bb]Semirremolques volquete REMOLQUE VOLQUETE MEDIO TUBO o Semirremolques agregados est\u00e1n dise\u00f1ados para transportar agregados a granel como arena, grava, piedra triturada y otros materiales utilizados en la construcci\u00f3n y construcci\u00f3n de carreteras. Estos remolques est\u00e1n dise\u00f1ados para manejar la naturaleza pesada y abrasiva de los [&hellip;]<\/p>\n","protected":false},"author":1,"featured_media":0,"parent":0,"menu_order":0,"comment_status":"closed","ping_status":"closed","template":"","meta":{"footnotes":""},"class_list":["post-4987","page","type-page","status-publish","hentry"],"aioseo_notices":[],"_links":{"self":[{"href":"https:\/\/areltrailer.com\/es\/wp-json\/wp\/v2\/pages\/4987","targetHints":{"allow":["GET"]}}],"collection":[{"href":"https:\/\/areltrailer.com\/es\/wp-json\/wp\/v2\/pages"}],"about":[{"href":"https:\/\/areltrailer.com\/es\/wp-json\/wp\/v2\/types\/page"}],"author":[{"embeddable":true,"href":"https:\/\/areltrailer.com\/es\/wp-json\/wp\/v2\/users\/1"}],"replies":[{"embeddable":true,"href":"https:\/\/areltrailer.com\/es\/wp-json\/wp\/v2\/comments?post=4987"}],"version-history":[{"count":3,"href":"https:\/\/areltrailer.com\/es\/wp-json\/wp\/v2\/pages\/4987\/revisions"}],"predecessor-version":[{"id":5357,"href":"https:\/\/areltrailer.com\/es\/wp-json\/wp\/v2\/pages\/4987\/revisions\/5357"}],"wp:attachment":[{"href":"https:\/\/areltrailer.com\/es\/wp-json\/wp\/v2\/media?parent=4987"}],"curies":[{"name":"wp","href":"https:\/\/api.w.org\/{rel}","templated":true}]}}

Semirremolque Basculante de Media Caña

<div class="wpb-content-wrapper"><p>[vc_row][vc_column][vc_empty_space][/vc_column][/vc_row][vc_row full_width=»stretch_row_content»][vc_column width=»1/2&#8243; css=».vc_custom_1727805812339{border-right-width: 1px !important;border-right-style: solid !important;border-color: #2D506F4D !important;}»][vc_column_text css=»»]<a href="https://areltrailer.com/es/semirremolque-basculante-de-media-cana/">Semirremolques volquete </a> REMOLQUE VOLQUETE MEDIO TUBO o <a href="https://areltrailer.com/es/semirremolque-basculante-de-media-cana/">Semirremolques agregados</a> están diseñados para transportar agregados a granel como arena, grava, piedra triturada y otros materiales utilizados en la construcción y construcción de carreteras. Estos remolques están diseñados para manejar la naturaleza pesada y abrasiva de los agregados y, a menudo, vienen con características especializadas para una carga, transporte y descarga eficientes. Estas son las especificaciones típicas de los semirremolques agregados:</p>
<p><strong>          Use</strong>: Suelo, Demolición, Asfalto, Grava, Rocas grandes, Arcilla, Rocas pequeñas, Lodos, Arena</p>
<p>&nbsp;</p>
<ul>
<li>Diseño personalizado</li>
<li>Volume: 22 m3 &#8211; 40 m3</li>
<li>Material : HARDOX 450 -TUF 500, DOMEX S700MC, S355JR</li>
<li>Fabricación con tamaño y tipo especial según su demanda</li>
<li>Sistemas de ejes autodireccionales</li>
<li>Número de ejes: 2-3-4</li>
<li>Marca del eje:                 SAF &#8211; BPW &#8211; MPD -TRAX &#8211;  OSMAN KOC &#8211; RELAX</li>
<li>Capacidad del eje:                 12 – 14 – 16 ton</li>
<li>Ruedas: (385/65-R22,5)   (12 R-22,5)</li>
<li>Suspensión: NEUMÁTICA, MECÁNICA</li>
<li>Sistemas de freno: EBS or ABS  &#8212; WABCO &#8211; KNORR BREMSE &#8211; HALDEX</li>
<li>Colores: Códigos RAL a petición del cliente</li>
<li>Electrical System     Sa-Ba, Aspöck</li>
</ul>
<p>[/vc_column_text][/vc_column][vc_column width=»1/2&#8243;][vc_row_inner][vc_column_inner width=»1/2&#8243;][vc_single_image image=»2810&#8243; img_size=»full» style=»vc_box_rounded» onclick=»link_image» css=»»][/vc_column_inner][vc_column_inner width=»1/2&#8243;][vc_single_image image=»2809&#8243; img_size=»full» style=»vc_box_rounded» onclick=»link_image» css=»»][/vc_column_inner][/vc_row_inner][/vc_column][vc_column width=»1/2&#8243;][vc_single_image image=»2811&#8243; img_size=»full» style=»vc_box_rounded» onclick=»link_image» css=»»][/vc_column][/vc_row][vc_row][vc_column][vc_empty_space][/vc_column][/vc_row]</p>
</div>

<p>[vc_row][vc_column][vc_empty_space][/vc_column][/vc_row][vc_row full_width=»stretch_row_content»][vc_column width=»1/2&#8243; css=».vc_custom_1727805812339{border-right-width: 1px !important;border-right-style: solid !important;border-color: #2D506F4D !important;}»][vc_column_text css=»»]Semirremolques volquete REMOLQUE VOLQUETE MEDIO TUBO o Semirremolques agregados están diseñados para transportar agregados a granel como arena, grava, piedra triturada y otros materiales utilizados en la construcción y construcción de carreteras. Estos remolques están diseñados para manejar la naturaleza pesada y abrasiva de los [&hellip;]</p>
