{"id":5164,"date":"2024-10-16T23:36:31","date_gmt":"2024-10-16T20:36:31","guid":{"rendered":"https:\/\/areltrailer.com\/semirremolques-plataforma\/"},"modified":"2026-08-30T21:18:01","modified_gmt":"2026-08-30T18:18:01","slug":"semirremolques-plataforma","status":"publish","type":"page","link":"https:\/\/areltrailer.com\/es\/semirremolques-plataforma\/","title":{"rendered":"Semirremolques Plataforma"},"content":{"rendered":"<div class=\"wpb-content-wrapper\"><p>[vc_row][vc_column][vc_empty_space][\/vc_column][\/vc_row][vc_row][vc_column width=\u00bb1\/2&#8243; css=\u00bb.vc_custom_1727805812339{border-right-width: 1px !important;border-right-style: solid !important;border-color: #2D506F4D !important;}\u00bb][vc_single_image image=\u00bb2564&#8243; img_size=\u00bbfull\u00bb alignment=\u00bbcenter\u00bb style=\u00bbvc_box_rounded\u00bb onclick=\u00bbcustom_link\u00bb css=\u00bb\u00bb el_class=\u00bbdorse\u00bb link=\u00bbhttps:\/\/areltrailer.com\/es\/semirremolque-plataforma-plana\/\u00bb]\n        <div class=\"twt-wrap vc_custom_1729534254270\">\n            <h1 style=\"color:#2D506F;font-size: 20px\">Semirremolque Plataforma Plana<\/h1>\n            Remolque de plataforma plana con direcci\u00f3n mec\u00e1nica\/direcci\u00f3n forzada, transporte de carga pesada y alta, opci\u00f3n de bloqueo por giro\n        <\/div>\n    [\/vc_column][vc_column width=\u00bb1\/2&#8243; css=\u00bb.vc_custom_1729534426574{border-color: #2D506F4D !important;}\u00bb][vc_single_image image=\u00bb2565&#8243; img_size=\u00bbfull\u00bb alignment=\u00bbcenter\u00bb style=\u00bbvc_box_rounded\u00bb onclick=\u00bbcustom_link\u00bb css=\u00bb\u00bb el_class=\u00bbdorse\u00bb link=\u00bbhttps:\/\/areltrailer.com\/es\/semirremolque-de-plataforma\/\u00bb]\n        <div class=\"twt-wrap vc_custom_1729534245391\">\n            <h1 style=\"color:#2D506F;font-size: 20px\">Semirremolque de Plataforma<\/h1>\n            Semirremolques de plataforma, remolques de plataforma, utilizados para el transporte de maquinaria y art\u00edculos grandes y voluminosos. Eje de direcci\u00f3n, opci\u00f3n de bloqueo por giro.\n        <\/div>\n    [\/vc_column][\/vc_row][vc_row][vc_column][vc_empty_space][\/vc_column][\/vc_row]<\/p>\n<\/div>","protected":false},"excerpt":{"rendered":"<p>[vc_row][vc_column][vc_empty_space][\/vc_column][\/vc_row][vc_row][vc_column width=\u00bb1\/2&#8243; css=\u00bb.vc_custom_1727805812339{border-right-width: 1px !important;border-right-style: solid !important;border-color: #2D506F4D !important;}\u00bb][vc_single_image image=\u00bb2564&#8243; img_size=\u00bbfull\u00bb alignment=\u00bbcenter\u00bb style=\u00bbvc_box_rounded\u00bb onclick=\u00bbcustom_link\u00bb css=\u00bb\u00bb el_class=\u00bbdorse\u00bb link=\u00bbhttps:\/\/areltrailer.com\/es\/semirremolque-plataforma-plana\/\u00bb][\/vc_column][vc_column width=\u00bb1\/2&#8243; css=\u00bb.vc_custom_1729534426574{border-color: #2D506F4D !important;}\u00bb][vc_single_image image=\u00bb2565&#8243; img_size=\u00bbfull\u00bb alignment=\u00bbcenter\u00bb style=\u00bbvc_box_rounded\u00bb onclick=\u00bbcustom_link\u00bb css=\u00bb\u00bb el_class=\u00bbdorse\u00bb link=\u00bbhttps:\/\/areltrailer.com\/es\/semirremolque-de-plataforma\/\u00bb][\/vc_column][\/vc_row][vc_row][vc_column][vc_empty_space][\/vc_column][\/vc_row]<\/p>\n","protected":false},"author":1,"featured_media":0,"parent":0,"menu_order":0,"comment_status":"closed","ping_status":"closed","template":"","meta":{"footnotes":""},"class_list":["post-5164","page","type-page","status-publish","hentry"],"aioseo_notices":[],"_links":{"self":[{"href":"https:\/\/areltrailer.com\/es\/wp-json\/wp\/v2\/pages\/5164","targetHints":{"allow":["GET"]}}],"collection":[{"href":"https:\/\/areltrailer.com\/es\/wp-json\/wp\/v2\/pages"}],"about":[{"href":"https:\/\/areltrailer.com\/es\/wp-json\/wp\/v2\/types\/page"}],"author":[{"embeddable":true,"href":"https:\/\/areltrailer.com\/es\/wp-json\/wp\/v2\/users\/1"}],"replies":[{"embeddable":true,"href":"https:\/\/areltrailer.com\/es\/wp-json\/wp\/v2\/comments?post=5164"}],"version-history":[{"count":2,"href":"https:\/\/areltrailer.com\/es\/wp-json\/wp\/v2\/pages\/5164\/revisions"}],"predecessor-version":[{"id":5344,"href":"https:\/\/areltrailer.com\/es\/wp-json\/wp\/v2\/pages\/5164\/revisions\/5344"}],"wp:attachment":[{"href":"https:\/\/areltrailer.com\/es\/wp-json\/wp\/v2\/media?parent=5164"}],"curies":[{"name":"wp","href":"https:\/\/api.w.org\/{rel}","templated":true}]}}

<div class="wpb-content-wrapper"><p>[vc_row][vc_column][vc_empty_space][/vc_column][/vc_row][vc_row][vc_column width=»1/2&#8243; css=».vc_custom_1727805812339{border-right-width: 1px !important;border-right-style: solid !important;border-color: #2D506F4D !important;}»][vc_single_image image=»2564&#8243; img_size=»full» alignment=»center» style=»vc_box_rounded» onclick=»custom_link» css=»» el_class=»dorse» link=»https://areltrailer.com/es/semirremolque-plataforma-plana/»]
        <div class="twt-wrap vc_custom_1729534254270">
            <h1 style="color:#2D506F;font-size: 20px">Semirremolque Plataforma Plana</h1>
            Remolque de plataforma plana con dirección mecánica/dirección forzada, transporte de carga pesada y alta, opción de bloqueo por giro
        </div>
    [/vc_column][vc_column width=»1/2&#8243; css=».vc_custom_1729534426574{border-color: #2D506F4D !important;}»][vc_single_image image=»2565&#8243; img_size=»full» alignment=»center» style=»vc_box_rounded» onclick=»custom_link» css=»» el_class=»dorse» link=»https://areltrailer.com/es/semirremolque-de-plataforma/»]
        <div class="twt-wrap vc_custom_1729534245391">
            <h1 style="color:#2D506F;font-size: 20px">Semirremolque de Plataforma</h1>
            Semirremolques de plataforma, remolques de plataforma, utilizados para el transporte de maquinaria y artículos grandes y voluminosos. Eje de dirección, opción de bloqueo por giro.
        </div>
    [/vc_column][/vc_row][vc_row][vc_column][vc_empty_space][/vc_column][/vc_row]</p>
</div>
