{"id":5193,"date":"2024-10-15T18:31:19","date_gmt":"2024-10-15T15:31:19","guid":{"rendered":"https:\/\/areltrailer.com\/semirremolques-de-cama-baja\/"},"modified":"2026-08-30T21:18:02","modified_gmt":"2026-08-30T18:18:02","slug":"semirremolques-de-cama-baja","status":"publish","type":"page","link":"https:\/\/areltrailer.com\/es\/semirremolques-de-cama-baja\/","title":{"rendered":"Semirremolques de Cama Baja"},"content":{"rendered":"<div class=\"wpb-content-wrapper\"><p>[vc_row][vc_column][vc_empty_space][\/vc_column][\/vc_row][vc_row full_width=\u00bbstretch_row_content\u00bb][vc_column width=\u00bb1\/4&#8243; css=\u00bb.vc_custom_1727805812339{border-right-width: 1px !important;border-right-style: solid !important;border-color: #2D506F4D !important;}\u00bb][vc_single_image image=\u00bb2692&#8243; img_size=\u00bbfull\u00bb alignment=\u00bbcenter\u00bb style=\u00bbvc_box_rounded\u00bb onclick=\u00bbcustom_link\u00bb css=\u00bb\u00bb el_class=\u00bbdorse\u00bb link=\u00bbhttps:\/\/areltrailer.com\/es\/semirremolque-de-cama-baja-de-2-ejes\/\u00bb]\n        <div class=\"twt-wrap vc_custom_1755516299577\">\n            <h1 style=\"color:#2D506F;font-size: 20px\">Semirremolque de Cama Baja de 2 Ejes<\/h1>\n            El cargador semi bajo de 2 ejes Arel puede personalizarse seg\u00fan su demanda, transporte de carga pesada, opci\u00f3n: Huecos para ruedas, cabrestante hidroel\u00e9ctrico, rampa doble\n        <\/div>\n    [\/vc_column][vc_column width=\u00bb1\/4&#8243; css=\u00bb.vc_custom_1727805817829{border-right-width: 1px !important;border-right-style: solid !important;border-color: #2D506F4D !important;}\u00bb][vc_single_image image=\u00bb3207&#8243; img_size=\u00bbfull\u00bb alignment=\u00bbcenter\u00bb style=\u00bbvc_box_rounded\u00bb onclick=\u00bbcustom_link\u00bb css=\u00bb\u00bb el_class=\u00bbdorse\u00bb link=\u00bbhttps:\/\/areltrailer.com\/es\/semirremolque-de-cama-baja-de-3-ejes\/\u00bb]\n        <div class=\"twt-wrap vc_custom_1729543375646\">\n            <h1 style=\"color:#2D506F;font-size: 20px\">Semirremolque de Cama Baja de 3 Ejes<\/h1>\n            Arel 3 Axle Semi Low Loader es un remolque fuerte y robusto que se utiliza para el transporte de cargas anormales, como equipos de miner\u00eda de gran tama\u00f1o, equipos de construcci\u00f3n de gran tama\u00f1o y equipos agr\u00edcolas. Ejes con direcci\u00f3n por fricci\u00f3n, direcci\u00f3n hidr\u00e1ulica.\n        <\/div>\n    [\/vc_column][vc_column width=\u00bb1\/4&#8243; css=\u00bb.vc_custom_1727805821852{border-right-width: 1px !important;border-right-style: solid !important;border-color: #2D506F4D !important;}\u00bb][vc_single_image image=\u00bb3215&#8243; img_size=\u00bbfull\u00bb alignment=\u00bbcenter\u00bb style=\u00bbvc_box_rounded\u00bb onclick=\u00bbcustom_link\u00bb css=\u00bb\u00bb el_class=\u00bbdorse\u00bb link=\u00bbhttps:\/\/areltrailer.com\/es\/semirremolque-de-cama-baja-de-4-ejes\/\u00bb]\n        <div class=\"twt-wrap vc_custom_1729543393566\">\n            <h1 style=\"color:#2D506F;font-size: 20px\">Semirremolque de Cama Baja de 4 Ejes<\/h1>\n            Opci\u00f3n Huecos para ruedas, cabrestante hidroel\u00e9ctrico, rampa doble, ejes con direcci\u00f3n por fricci\u00f3n, direcci\u00f3n hidr\u00e1ulica\n        <\/div>\n    [\/vc_column][vc_column width=\u00bb1\/4&#8243; css=\u00bb.vc_custom_1727805825455{border-right-width: 1px !important;border-right-style: solid !important;border-color: #2D506F4D !important;}\u00bb][vc_single_image image=\u00bb2695&#8243; img_size=\u00bbfull\u00bb alignment=\u00bbcenter\u00bb style=\u00bbvc_box_rounded\u00bb onclick=\u00bbcustom_link\u00bb css=\u00bb\u00bb el_class=\u00bbdorse\u00bb link=\u00bbhttps:\/\/areltrailer.com\/es\/semirremolque-de-cama-baja-de-5-ejes\/\u00bb]\n        <div class=\"twt-wrap vc_custom_1729543403934\">\n            <h1 style=\"color:#2D506F;font-size: 20px\">Semirremolque de Cama Baja de 5 Ejes<\/h1>\n            Puede equipar su semirremolque con ejes direccionales por fricci\u00f3n o con ejes direccionales hidromec\u00e1nicos y f\u00e1cilmente maniobrables.\n        <\/div>\n    [\/vc_column][\/vc_row][vc_row][vc_column][vc_empty_space][\/vc_column][\/vc_row][vc_row full_width=\u00bbstretch_row_content\u00bb][vc_column width=\u00bb1\/4&#8243; css=\u00bb.vc_custom_1727805812339{border-right-width: 1px !important;border-right-style: solid !important;border-color: #2D506F4D !important;}\u00bb][vc_single_image image=\u00bb2696&#8243; img_size=\u00bbfull\u00bb alignment=\u00bbcenter\u00bb style=\u00bbvc_box_rounded\u00bb onclick=\u00bbcustom_link\u00bb css=\u00bb\u00bb el_class=\u00bbdorse\u00bb link=\u00bbhttps:\/\/areltrailer.com\/es\/semirremolque-de-cama-baja-de-6-ejes\/\u00bb]\n        <div class=\"twt-wrap vc_custom_1729543420678\">\n            <h1 style=\"color:#2D506F;font-size: 20px\">Semirremolque de Cama Baja de 6 Ejes<\/h1>\n            Para darle flexibilidad en la carga, la plataforma puede ser extensible simple o doble hasta 14.000 mm adicionales, ejes con direcci\u00f3n por fricci\u00f3n, direcci\u00f3n hidr\u00e1ulica\n        <\/div>\n    [\/vc_column][vc_column width=\u00bb1\/4&#8243; css=\u00bb.vc_custom_1727805821852{border-right-width: 1px !important;border-right-style: solid !important;border-color: #2D506F4D !important;}\u00bb][vc_single_image image=\u00bb2697&#8243; img_size=\u00bbfull\u00bb alignment=\u00bbcenter\u00bb style=\u00bbvc_box_rounded\u00bb onclick=\u00bbcustom_link\u00bb css=\u00bb\u00bb el_class=\u00bbdorse\u00bb link=\u00bbhttps:\/\/areltrailer.com\/es\/semirremolque-de-cama-baja-de-carga-frontal\/\u00bb]\n        <div class=\"twt-wrap vc_custom_1729543441623\">\n            <h1 style=\"color:#2D506F;font-size: 20px\">Semirremolque de Cama Baja de Carga Frontal<\/h1>\n            Remolques de plataforma baja de carga frontal desmontables AREL para transporte de excavadoras y equipos de construcci\u00f3n, transporte de maquinaria grande.  Podemos fabricar remolques lowboy de 2\/3\/4\/5 ejes, con capacidad de 60\/80\/100\/120\/150 toneladas.\n        <\/div>\n    [\/vc_column][vc_column width=\u00bb1\/4&#8243; css=\u00bb.vc_custom_1727805825455{border-right-width: 1px !important;border-right-style: solid !important;border-color: #2D506F4D !important;}\u00bb][vc_single_image image=\u00bb2698&#8243; img_size=\u00bbfull\u00bb alignment=\u00bbcenter\u00bb style=\u00bbvc_box_rounded\u00bb onclick=\u00bbcustom_link\u00bb css=\u00bb\u00bb el_class=\u00bbdorse\u00bb link=\u00bbhttps:\/\/areltrailer.com\/es\/semirremolque-de-cama-baja-de-ejes-tandem\/\u00bb]\n        <div class=\"twt-wrap vc_custom_1729543457532\">\n            <h1 style=\"color:#2D506F;font-size: 20px\">Semirremolque de Cama Baja de Ejes T\u00e1ndem<\/h1>\n            Se adapta bien al mal estado de la carretera, especialmente para la carretera con algunos hoyos.<\/p>\n<p>Puede cargar mucha sobrecarga, bogie &#8211; semirremolque de plataforma baja de carga pesada con eje t\u00e1ndem\n        <\/div>\n    [\/vc_column][vc_column width=\u00bb1\/4&#8243; css=\u00bb.vc_custom_1727805817829{border-right-width: 1px !important;border-right-style: solid !important;border-color: #2D506F4D !important;}\u00bb][vc_single_image image=\u00bb2699&#8243; img_size=\u00bbfull\u00bb alignment=\u00bbcenter\u00bb style=\u00bbvc_box_rounded\u00bb onclick=\u00bbcustom_link\u00bb css=\u00bb\u00bb el_class=\u00bbdorse\u00bb link=\u00bbhttps:\/\/areltrailer.com\/es\/semirremolque-de-cama-baja-militardefensa\/\u00bb]\n        <div class=\"twt-wrap vc_custom_1729543472059\">\n            <h1 style=\"color:#2D506F;font-size: 20px\">Semirremolque de Cama Baja Militar\/Defensa<\/h1>\n            Remolque portatanques, remolque cisterna APC, semirremolque militar, transporte militar, transporte panzer, Huecos para ruedas, cabrestante hidroel\u00e9ctrico, rampa doble, ejes con direcci\u00f3n por fricci\u00f3n, direcci\u00f3n hidr\u00e1ulica, opci\u00f3n de eje 3-4-5-6-8, dise\u00f1o personalizado\n        <\/div>\n    [\/vc_column][\/vc_row][vc_row][vc_column][vc_empty_space][\/vc_column][\/vc_row]<\/p>\n<\/div>","protected":false},"excerpt":{"rendered":"<p>[vc_row][vc_column][vc_empty_space][\/vc_column][\/vc_row][vc_row full_width=\u00bbstretch_row_content\u00bb][vc_column width=\u00bb1\/4&#8243; css=\u00bb.vc_custom_1727805812339{border-right-width: 1px !important;border-right-style: solid !important;border-color: #2D506F4D !important;}\u00bb][vc_single_image image=\u00bb2692&#8243; img_size=\u00bbfull\u00bb alignment=\u00bbcenter\u00bb style=\u00bbvc_box_rounded\u00bb onclick=\u00bbcustom_link\u00bb css=\u00bb\u00bb el_class=\u00bbdorse\u00bb link=\u00bbhttps:\/\/areltrailer.com\/es\/semirremolque-de-cama-baja-de-2-ejes\/\u00bb][\/vc_column][vc_column width=\u00bb1\/4&#8243; css=\u00bb.vc_custom_1727805817829{border-right-width: 1px !important;border-right-style: solid !important;border-color: #2D506F4D !important;}\u00bb][vc_single_image image=\u00bb3207&#8243; img_size=\u00bbfull\u00bb alignment=\u00bbcenter\u00bb style=\u00bbvc_box_rounded\u00bb onclick=\u00bbcustom_link\u00bb css=\u00bb\u00bb el_class=\u00bbdorse\u00bb link=\u00bbhttps:\/\/areltrailer.com\/es\/semirremolque-de-cama-baja-de-3-ejes\/\u00bb][\/vc_column][vc_column width=\u00bb1\/4&#8243; css=\u00bb.vc_custom_1727805821852{border-right-width: 1px !important;border-right-style: solid !important;border-color: #2D506F4D !important;}\u00bb][vc_single_image image=\u00bb3215&#8243; img_size=\u00bbfull\u00bb alignment=\u00bbcenter\u00bb style=\u00bbvc_box_rounded\u00bb onclick=\u00bbcustom_link\u00bb css=\u00bb\u00bb el_class=\u00bbdorse\u00bb link=\u00bbhttps:\/\/areltrailer.com\/es\/semirremolque-de-cama-baja-de-4-ejes\/\u00bb][\/vc_column][vc_column width=\u00bb1\/4&#8243; css=\u00bb.vc_custom_1727805825455{border-right-width: 1px !important;border-right-style: solid [&hellip;]<\/p>\n","protected":false},"author":1,"featured_media":0,"parent":0,"menu_order":0,"comment_status":"closed","ping_status":"closed","template":"","meta":{"footnotes":""},"class_list":["post-5193","page","type-page","status-publish","hentry"],"aioseo_notices":[],"_links":{"self":[{"href":"https:\/\/areltrailer.com\/es\/wp-json\/wp\/v2\/pages\/5193","targetHints":{"allow":["GET"]}}],"collection":[{"href":"https:\/\/areltrailer.com\/es\/wp-json\/wp\/v2\/pages"}],"about":[{"href":"https:\/\/areltrailer.com\/es\/wp-json\/wp\/v2\/types\/page"}],"author":[{"embeddable":true,"href":"https:\/\/areltrailer.com\/es\/wp-json\/wp\/v2\/users\/1"}],"replies":[{"embeddable":true,"href":"https:\/\/areltrailer.com\/es\/wp-json\/wp\/v2\/comments?post=5193"}],"version-history":[{"count":2,"href":"https:\/\/areltrailer.com\/es\/wp-json\/wp\/v2\/pages\/5193\/revisions"}],"predecessor-version":[{"id":5349,"href":"https:\/\/areltrailer.com\/es\/wp-json\/wp\/v2\/pages\/5193\/revisions\/5349"}],"wp:attachment":[{"href":"https:\/\/areltrailer.com\/es\/wp-json\/wp\/v2\/media?parent=5193"}],"curies":[{"name":"wp","href":"https:\/\/api.w.org\/{rel}","templated":true}]}}

<div class="wpb-content-wrapper"><p>[vc_row][vc_column][vc_empty_space][/vc_column][/vc_row][vc_row full_width=»stretch_row_content»][vc_column width=»1/4&#8243; css=».vc_custom_1727805812339{border-right-width: 1px !important;border-right-style: solid !important;border-color: #2D506F4D !important;}»][vc_single_image image=»2692&#8243; img_size=»full» alignment=»center» style=»vc_box_rounded» onclick=»custom_link» css=»» el_class=»dorse» link=»https://areltrailer.com/es/semirremolque-de-cama-baja-de-2-ejes/»]
        <div class="twt-wrap vc_custom_1755516299577">
            <h1 style="color:#2D506F;font-size: 20px">Semirremolque de Cama Baja de 2 Ejes</h1>
            El cargador semi bajo de 2 ejes Arel puede personalizarse según su demanda, transporte de carga pesada, opción: Huecos para ruedas, cabrestante hidroeléctrico, rampa doble
        </div>
    [/vc_column][vc_column width=»1/4&#8243; css=».vc_custom_1727805817829{border-right-width: 1px !important;border-right-style: solid !important;border-color: #2D506F4D !important;}»][vc_single_image image=»3207&#8243; img_size=»full» alignment=»center» style=»vc_box_rounded» onclick=»custom_link» css=»» el_class=»dorse» link=»https://areltrailer.com/es/semirremolque-de-cama-baja-de-3-ejes/»]
        <div class="twt-wrap vc_custom_1729543375646">
            <h1 style="color:#2D506F;font-size: 20px">Semirremolque de Cama Baja de 3 Ejes</h1>
            Arel 3 Axle Semi Low Loader es un remolque fuerte y robusto que se utiliza para el transporte de cargas anormales, como equipos de minería de gran tamaño, equipos de construcción de gran tamaño y equipos agrícolas. Ejes con dirección por fricción, dirección hidráulica.
        </div>
    [/vc_column][vc_column width=»1/4&#8243; css=».vc_custom_1727805821852{border-right-width: 1px !important;border-right-style: solid !important;border-color: #2D506F4D !important;}»][vc_single_image image=»3215&#8243; img_size=»full» alignment=»center» style=»vc_box_rounded» onclick=»custom_link» css=»» el_class=»dorse» link=»https://areltrailer.com/es/semirremolque-de-cama-baja-de-4-ejes/»]
        <div class="twt-wrap vc_custom_1729543393566">
            <h1 style="color:#2D506F;font-size: 20px">Semirremolque de Cama Baja de 4 Ejes</h1>
            Opción Huecos para ruedas, cabrestante hidroeléctrico, rampa doble, ejes con dirección por fricción, dirección hidráulica
        </div>
    [/vc_column][vc_column width=»1/4&#8243; css=».vc_custom_1727805825455{border-right-width: 1px !important;border-right-style: solid !important;border-color: #2D506F4D !important;}»][vc_single_image image=»2695&#8243; img_size=»full» alignment=»center» style=»vc_box_rounded» onclick=»custom_link» css=»» el_class=»dorse» link=»https://areltrailer.com/es/semirremolque-de-cama-baja-de-5-ejes/»]
        <div class="twt-wrap vc_custom_1729543403934">
            <h1 style="color:#2D506F;font-size: 20px">Semirremolque de Cama Baja de 5 Ejes</h1>
            Puede equipar su semirremolque con ejes direccionales por fricción o con ejes direccionales hidromecánicos y fácilmente maniobrables.
        </div>
    [/vc_column][/vc_row][vc_row][vc_column][vc_empty_space][/vc_column][/vc_row][vc_row full_width=»stretch_row_content»][vc_column width=»1/4&#8243; css=».vc_custom_1727805812339{border-right-width: 1px !important;border-right-style: solid !important;border-color: #2D506F4D !important;}»][vc_single_image image=»2696&#8243; img_size=»full» alignment=»center» style=»vc_box_rounded» onclick=»custom_link» css=»» el_class=»dorse» link=»https://areltrailer.com/es/semirremolque-de-cama-baja-de-6-ejes/»]
        <div class="twt-wrap vc_custom_1729543420678">
            <h1 style="color:#2D506F;font-size: 20px">Semirremolque de Cama Baja de 6 Ejes</h1>
            Para darle flexibilidad en la carga, la plataforma puede ser extensible simple o doble hasta 14.000 mm adicionales, ejes con dirección por fricción, dirección hidráulica
        </div>
    [/vc_column][vc_column width=»1/4&#8243; css=».vc_custom_1727805821852{border-right-width: 1px !important;border-right-style: solid !important;border-color: #2D506F4D !important;}»][vc_single_image image=»2697&#8243; img_size=»full» alignment=»center» style=»vc_box_rounded» onclick=»custom_link» css=»» el_class=»dorse» link=»https://areltrailer.com/es/semirremolque-de-cama-baja-de-carga-frontal/»]
        <div class="twt-wrap vc_custom_1729543441623">
            <h1 style="color:#2D506F;font-size: 20px">Semirremolque de Cama Baja de Carga Frontal</h1>
            Remolques de plataforma baja de carga frontal desmontables AREL para transporte de excavadoras y equipos de construcción, transporte de maquinaria grande.  Podemos fabricar remolques lowboy de 2/3/4/5 ejes, con capacidad de 60/80/100/120/150 toneladas.
        </div>
    [/vc_column][vc_column width=»1/4&#8243; css=».vc_custom_1727805825455{border-right-width: 1px !important;border-right-style: solid !important;border-color: #2D506F4D !important;}»][vc_single_image image=»2698&#8243; img_size=»full» alignment=»center» style=»vc_box_rounded» onclick=»custom_link» css=»» el_class=»dorse» link=»https://areltrailer.com/es/semirremolque-de-cama-baja-de-ejes-tandem/»]
        <div class="twt-wrap vc_custom_1729543457532">
            <h1 style="color:#2D506F;font-size: 20px">Semirremolque de Cama Baja de Ejes Tándem</h1>
            Se adapta bien al mal estado de la carretera, especialmente para la carretera con algunos hoyos.</p>
<p>Puede cargar mucha sobrecarga, bogie &#8211; semirremolque de plataforma baja de carga pesada con eje tándem
        </div>
    [/vc_column][vc_column width=»1/4&#8243; css=».vc_custom_1727805817829{border-right-width: 1px !important;border-right-style: solid !important;border-color: #2D506F4D !important;}»][vc_single_image image=»2699&#8243; img_size=»full» alignment=»center» style=»vc_box_rounded» onclick=»custom_link» css=»» el_class=»dorse» link=»https://areltrailer.com/es/semirremolque-de-cama-baja-militardefensa/»]
        <div class="twt-wrap vc_custom_1729543472059">
            <h1 style="color:#2D506F;font-size: 20px">Semirremolque de Cama Baja Militar/Defensa</h1>
            Remolque portatanques, remolque cisterna APC, semirremolque militar, transporte militar, transporte panzer, Huecos para ruedas, cabrestante hidroeléctrico, rampa doble, ejes con dirección por fricción, dirección hidráulica, opción de eje 3-4-5-6-8, diseño personalizado
        </div>
    [/vc_column][/vc_row][vc_row][vc_column][vc_empty_space][/vc_column][/vc_row]</p>
</div>
