{"id":3669,"date":"2024-10-17T00:00:36","date_gmt":"2024-10-16T21:00:36","guid":{"rendered":"https:\/\/areltrailer.com\/remorques-cerealieres-a-tremie\/"},"modified":"2024-10-17T00:00:36","modified_gmt":"2024-10-16T21:00:36","slug":"remorques-cerealieres-a-tremie","status":"publish","type":"page","link":"https:\/\/areltrailer.com\/fr\/remorques-cerealieres-a-tremie\/","title":{"rendered":"REMORQUES C\u00c9R\u00c9ALI\u00c8RES \u00c0 TR\u00c9MIE"},"content":{"rendered":"<div class=\"wpb-content-wrapper\"><p>[vc_row][vc_column][vc_empty_space][\/vc_column][\/vc_row][vc_row full_width=\u00a0\u00bbstretch_row_content\u00a0\u00bb][vc_column width=\u00a0\u00bb1\/2&Prime; css=\u00a0\u00bb.vc_custom_1727805812339{border-right-width: 1px !important;border-right-style: solid !important;border-color: #2D506F4D !important;}\u00a0\u00bb][vc_column_text css=\u00a0\u00bb\u00a0\u00bb]<strong>Remorque \u00e0 Tr\u00e9mie pour le Transport de C\u00e9r\u00e9ales<\/strong><\/p>\n<p>La <a href=\"https:\/\/areltrailer.com\/fr\/remorques-cerealieres-a-tremie\/\"><strong>remorque c\u00e9r\u00e9ali\u00e8re \u00e0 tr\u00e9mie<\/strong><\/a> est un \u00e9quipement essentiel, sp\u00e9cialement con\u00e7u pour le transport efficace et fiable des c\u00e9r\u00e9ales. Con\u00e7ue avec pr\u00e9cision et construite pour r\u00e9sister aux exigences de la logistique agricole, cette remorque assure une manutention fluide et s\u00e9curis\u00e9e des produits c\u00e9r\u00e9aliers en vrac, des exploitations agricoles aux installations de transformation.<\/p>\n<p>Les remorques \u00e0 d\u00e9chargement par le bas avec tr\u00e9mie en aluminium et en acier (\u00e9galement appel\u00e9es remorques-trains \u00e0 d\u00e9chargement par le bas, remorques \u00e0 d\u00e9chargement ventral, remorques \u00e0 benne preneuse, remorques \u00e0 fond ouvrant, remorques \u00e0 c\u00e9r\u00e9ales et remorques \u00e0 tr\u00e9mie) peuvent \u00e9galement \u00eatre utilis\u00e9es pour transporter de petites cargaisons cristallines en vrac ou toutes sortes de c\u00e9r\u00e9ales et d&rsquo;autres mat\u00e9riaux tels que le bl\u00e9, le ma\u00efs, les pommes de terre, le gluten, les cubes de paille, le gravier et le calcaire.<\/p>\n<p>&nbsp;<\/p>\n<ul>\n<li>Conception sur mesure<\/li>\n<li>Fabrication avec des dimensions et un type sp\u00e9ciaux selon votre demande<\/li>\n<li>Syst\u00e8mes d&rsquo;essieux auto-vireurs<\/li>\n<\/ul>\n<p>&nbsp;<\/p>\n<ul>\n<li>Nombre d&rsquo;essieux : 2-3-4-5-6<\/li>\n<li>Marque de l&rsquo;essieu : SAF &#8211; BPW &#8211; MPD &#8211; TRAX &#8211; OSMAN KOC &#8211; RELAX<\/li>\n<li>Capacit\u00e9 de l&rsquo;essieu : 12 \u2013 14 \u2013 16 tonnes<\/li>\n<li>Roues : (245\/70-17,5) (385\/65-R22,5) (12 R-22,5)<\/li>\n<li>Suspension : PNEUMATIQUE, M\u00c9CANIQUE<\/li>\n<li>Syst\u00e8mes de freinage : EBS ou ABS &#8212; WABCO &#8211; KNORR BREMSE &#8211; HALDEX<\/li>\n<li>Couleurs : Codes RAL \u00e0 la demande du client<\/li>\n<li>Syst\u00e8me \u00e9lectrique : Sa-Ba, Asp\u00f6ck<\/li>\n<\/ul>\n<p>[\/vc_column_text][\/vc_column][vc_column width=\u00a0\u00bb1\/2&Prime;][vc_row_inner][vc_column_inner width=\u00a0\u00bb1\/2&Prime;][vc_single_image image=\u00a0\u00bb2554&Prime; img_size=\u00a0\u00bbfull\u00a0\u00bb style=\u00a0\u00bbvc_box_rounded\u00a0\u00bb onclick=\u00a0\u00bblink_image\u00a0\u00bb css=\u00a0\u00bb\u00a0\u00bb][\/vc_column_inner][vc_column_inner width=\u00a0\u00bb1\/2&Prime;][vc_single_image image=\u00a0\u00bb2555&Prime; img_size=\u00a0\u00bbfull\u00a0\u00bb style=\u00a0\u00bbvc_box_rounded\u00a0\u00bb onclick=\u00a0\u00bblink_image\u00a0\u00bb css=\u00a0\u00bb\u00a0\u00bb][\/vc_column_inner][\/vc_row_inner][\/vc_column][vc_column width=\u00a0\u00bb1\/2&Prime;][vc_single_image image=\u00a0\u00bb2556&Prime; img_size=\u00a0\u00bbfull\u00a0\u00bb style=\u00a0\u00bbvc_box_rounded\u00a0\u00bb onclick=\u00a0\u00bblink_image\u00a0\u00bb css=\u00a0\u00bb\u00a0\u00bb][\/vc_column][\/vc_row][vc_row][vc_column][vc_empty_space][\/vc_column][\/vc_row]<\/p>\n<\/div>","protected":false},"excerpt":{"rendered":"<p>[vc_row][vc_column][vc_empty_space][\/vc_column][\/vc_row][vc_row full_width=\u00a0\u00bbstretch_row_content\u00a0\u00bb][vc_column width=\u00a0\u00bb1\/2&Prime; css=\u00a0\u00bb.vc_custom_1727805812339{border-right-width: 1px !important;border-right-style: solid !important;border-color: #2D506F4D !important;}\u00a0\u00bb][vc_column_text css=\u00a0\u00bb\u00a0\u00bb]Remorque \u00e0 Tr\u00e9mie pour le Transport de C\u00e9r\u00e9ales La remorque c\u00e9r\u00e9ali\u00e8re \u00e0 tr\u00e9mie est un \u00e9quipement essentiel, sp\u00e9cialement con\u00e7u pour le transport efficace et fiable des c\u00e9r\u00e9ales. Con\u00e7ue avec pr\u00e9cision et construite pour r\u00e9sister aux exigences de la logistique agricole, cette remorque assure une manutention [&hellip;]<\/p>\n","protected":false},"author":1,"featured_media":0,"parent":0,"menu_order":0,"comment_status":"closed","ping_status":"closed","template":"","meta":{"footnotes":""},"class_list":["post-3669","page","type-page","status-publish","hentry"],"aioseo_notices":[],"_links":{"self":[{"href":"https:\/\/areltrailer.com\/fr\/wp-json\/wp\/v2\/pages\/3669","targetHints":{"allow":["GET"]}}],"collection":[{"href":"https:\/\/areltrailer.com\/fr\/wp-json\/wp\/v2\/pages"}],"about":[{"href":"https:\/\/areltrailer.com\/fr\/wp-json\/wp\/v2\/types\/page"}],"author":[{"embeddable":true,"href":"https:\/\/areltrailer.com\/fr\/wp-json\/wp\/v2\/users\/1"}],"replies":[{"embeddable":true,"href":"https:\/\/areltrailer.com\/fr\/wp-json\/wp\/v2\/comments?post=3669"}],"version-history":[{"count":0,"href":"https:\/\/areltrailer.com\/fr\/wp-json\/wp\/v2\/pages\/3669\/revisions"}],"wp:attachment":[{"href":"https:\/\/areltrailer.com\/fr\/wp-json\/wp\/v2\/media?parent=3669"}],"curies":[{"name":"wp","href":"https:\/\/api.w.org\/{rel}","templated":true}]}}

REMORQUES CÉRÉALIÈRES À TRÉMIE

<div class="wpb-content-wrapper"><p>[vc_row][vc_column][vc_empty_space][/vc_column][/vc_row][vc_row full_width= »stretch_row_content »][vc_column width= »1/2&Prime; css= ».vc_custom_1727805812339{border-right-width: 1px !important;border-right-style: solid !important;border-color: #2D506F4D !important;} »][vc_column_text css= » »]<strong>Remorque à Trémie pour le Transport de Céréales</strong></p>
<p>La <a href="https://areltrailer.com/fr/remorques-cerealieres-a-tremie/"><strong>remorque céréalière à trémie</strong></a> est un équipement essentiel, spécialement conçu pour le transport efficace et fiable des céréales. Conçue avec précision et construite pour résister aux exigences de la logistique agricole, cette remorque assure une manutention fluide et sécurisée des produits céréaliers en vrac, des exploitations agricoles aux installations de transformation.</p>
<p>Les remorques à déchargement par le bas avec trémie en aluminium et en acier (également appelées remorques-trains à déchargement par le bas, remorques à déchargement ventral, remorques à benne preneuse, remorques à fond ouvrant, remorques à céréales et remorques à trémie) peuvent également être utilisées pour transporter de petites cargaisons cristallines en vrac ou toutes sortes de céréales et d&rsquo;autres matériaux tels que le blé, le maïs, les pommes de terre, le gluten, les cubes de paille, le gravier et le calcaire.</p>
<p>&nbsp;</p>
<ul>
<li>Conception sur mesure</li>
<li>Fabrication avec des dimensions et un type spéciaux selon votre demande</li>
<li>Systèmes d&rsquo;essieux auto-vireurs</li>
</ul>
<p>&nbsp;</p>
<ul>
<li>Nombre d&rsquo;essieux : 2-3-4-5-6</li>
<li>Marque de l&rsquo;essieu : SAF &#8211; BPW &#8211; MPD &#8211; TRAX &#8211; OSMAN KOC &#8211; RELAX</li>
<li>Capacité de l&rsquo;essieu : 12 – 14 – 16 tonnes</li>
<li>Roues : (245/70-17,5) (385/65-R22,5) (12 R-22,5)</li>
<li>Suspension : PNEUMATIQUE, MÉCANIQUE</li>
<li>Systèmes de freinage : EBS ou ABS &#8212; WABCO &#8211; KNORR BREMSE &#8211; HALDEX</li>
<li>Couleurs : Codes RAL à la demande du client</li>
<li>Système électrique : Sa-Ba, Aspöck</li>
</ul>
<p>[/vc_column_text][/vc_column][vc_column width= »1/2&Prime;][vc_row_inner][vc_column_inner width= »1/2&Prime;][vc_single_image image= »2554&Prime; img_size= »full » style= »vc_box_rounded » onclick= »link_image » css= » »][/vc_column_inner][vc_column_inner width= »1/2&Prime;][vc_single_image image= »2555&Prime; img_size= »full » style= »vc_box_rounded » onclick= »link_image » css= » »][/vc_column_inner][/vc_row_inner][/vc_column][vc_column width= »1/2&Prime;][vc_single_image image= »2556&Prime; img_size= »full » style= »vc_box_rounded » onclick= »link_image » css= » »][/vc_column][/vc_row][vc_row][vc_column][vc_empty_space][/vc_column][/vc_row]</p>
</div>

<p>[vc_row][vc_column][vc_empty_space][/vc_column][/vc_row][vc_row full_width= »stretch_row_content »][vc_column width= »1/2&Prime; css= ».vc_custom_1727805812339{border-right-width: 1px !important;border-right-style: solid !important;border-color: #2D506F4D !important;} »][vc_column_text css= » »]Remorque à Trémie pour le Transport de Céréales La remorque céréalière à trémie est un équipement essentiel, spécialement conçu pour le transport efficace et fiable des céréales. Conçue avec précision et construite pour résister aux exigences de la logistique agricole, cette remorque assure une manutention [&hellip;]</p>
