{"id":3722,"date":"2024-10-29T22:02:25","date_gmt":"2024-10-29T19:02:25","guid":{"rendered":"https:\/\/areltrailer.com\/remorque-benne-a-feraille\/"},"modified":"2024-10-29T22:02:25","modified_gmt":"2024-10-29T19:02:25","slug":"remorque-benne-a-feraille","status":"publish","type":"page","link":"https:\/\/areltrailer.com\/fr\/remorque-benne-a-feraille\/","title":{"rendered":"REMORQUE BENNE \u00c0 FERAILLE"},"content":{"rendered":"<div class=\"wpb-content-wrapper\"><p>[vc_row][vc_column][vc_empty_space][\/vc_column][\/vc_row][vc_row full_width=\u00a0\u00bbstretch_row_content\u00a0\u00bb][vc_column width=\u00a0\u00bb1\/2&Prime; css=\u00a0\u00bb.vc_custom_1727805812339{border-right-width: 1px !important;border-right-style: solid !important;border-color: #2D506F4D !important;}\u00a0\u00bb][vc_column_text css=\u00a0\u00bb\u00a0\u00bb]<\/p>\n<h3><strong>Remorque benne \u00e0 ferraille<\/strong><\/h3>\n<p>La <a href=\"https:\/\/areltrailer.com\/fr\/remorque-benne-a-feraille\/\"><strong>remorque benne \u00e0 ferraille<\/strong><\/a> est un v\u00e9hicule robuste con\u00e7u pour la collecte, le transport et le d\u00e9chargement efficaces des mat\u00e9riaux de ferraille et des d\u00e9bris m\u00e9talliques. Con\u00e7ue pour r\u00e9pondre aux exigences du recyclage de la ferraille et de la gestion des d\u00e9chets industriels, cette remorque allie durabilit\u00e9 et fonctionnalit\u00e9 pour garantir des performances fiables dans des environnements difficiles.<\/p>\n<p>&nbsp;<\/p>\n<p><strong>\u00a0\u00a0\u00a0\u00a0\u00a0\u00a0\u00a0\u00a0\u00a0 Utilisation<\/strong>:\u00a0\u00a0\u00a0\u00a0\u00a0\u00a0\u00a0\u00a0\u00a0\u00a0\u00a0 ferraille, d\u00e9chets plastiques, transport de c\u00e9r\u00e9ales<\/p>\n<p>&nbsp;<\/p>\n<ul>\n<li>Conception sur mesure<\/li>\n<li>Volume : 40 m3 &#8211; 85 m3<\/li>\n<li>Mat\u00e9riau : HARDOX 450 -TUF 500, DOMEX S700MC, S355JR<\/li>\n<li>Fabrication avec des dimensions et un type sp\u00e9cifiques selon votre demande<\/li>\n<li>Syst\u00e8mes d&rsquo;essieux auto-vireurs<\/li>\n<li>Nombre d&rsquo;essieux : 2-3-4<\/li>\n<li>Marque des essieux : \u00a0\u00a0\u00a0\u00a0\u00a0\u00a0\u00a0\u00a0\u00a0\u00a0\u00a0 \u00a0\u00a0\u00a0\u00a0 SAF &#8211; BPW &#8211; MPD -TRAX &#8211;\u00a0 OSMAN KOC &#8211; RELAX<\/li>\n<li>Capacit\u00e9 des essieux : 12 \u2013 14 \u2013 16 tonnes<\/li>\n<li>Roues : (245\/70R17,5) (385\/65-R22,5)\u00a0\u00a0 (12 R-22,5)<\/li>\n<li>Suspension : PNEUMATIQUE, M\u00c9CANIQUE<\/li>\n<li>Syst\u00e8mes de freinage : EBS ou ABS\u00a0 &#8212; WABCO &#8211; KNORR BREMSE &#8211; HALDEX<\/li>\n<li>Couleurs : Codes RAL \u00e0 la demande du client<\/li>\n<li>Syst\u00e8me \u00e9lectrique : Sa-Ba, Asp\u00f6ck<\/li>\n<\/ul>\n<p>[\/vc_column_text][\/vc_column][vc_column width=\u00a0\u00bb1\/2&Prime;][vc_row_inner][vc_column_inner width=\u00a0\u00bb1\/2&Prime;][vc_single_image image=\u00a0\u00bb2816&Prime; img_size=\u00a0\u00bbfull\u00a0\u00bb style=\u00a0\u00bbvc_box_rounded\u00a0\u00bb onclick=\u00a0\u00bblink_image\u00a0\u00bb css=\u00a0\u00bb\u00a0\u00bb][\/vc_column_inner][vc_column_inner width=\u00a0\u00bb1\/2&Prime;][vc_single_image image=\u00a0\u00bb2817&Prime; img_size=\u00a0\u00bbfull\u00a0\u00bb style=\u00a0\u00bbvc_box_rounded\u00a0\u00bb onclick=\u00a0\u00bblink_image\u00a0\u00bb css=\u00a0\u00bb\u00a0\u00bb][\/vc_column_inner][\/vc_row_inner][\/vc_column][vc_column width=\u00a0\u00bb1\/2&Prime;][vc_single_image image=\u00a0\u00bb2818&Prime; img_size=\u00a0\u00bbfull\u00a0\u00bb style=\u00a0\u00bbvc_box_rounded\u00a0\u00bb onclick=\u00a0\u00bblink_image\u00a0\u00bb css=\u00a0\u00bb\u00a0\u00bb][\/vc_column][\/vc_row][vc_row][vc_column][vc_empty_space][\/vc_column][\/vc_row]<\/p>\n<\/div>","protected":false},"excerpt":{"rendered":"<p>[vc_row][vc_column][vc_empty_space][\/vc_column][\/vc_row][vc_row full_width=\u00a0\u00bbstretch_row_content\u00a0\u00bb][vc_column width=\u00a0\u00bb1\/2&Prime; css=\u00a0\u00bb.vc_custom_1727805812339{border-right-width: 1px !important;border-right-style: solid !important;border-color: #2D506F4D !important;}\u00a0\u00bb][vc_column_text css=\u00a0\u00bb\u00a0\u00bb] Remorque benne \u00e0 ferraille La remorque benne \u00e0 ferraille est un v\u00e9hicule robuste con\u00e7u pour la collecte, le transport et le d\u00e9chargement efficaces des mat\u00e9riaux de ferraille et des d\u00e9bris m\u00e9talliques. Con\u00e7ue pour r\u00e9pondre aux exigences du recyclage de la ferraille et de la [&hellip;]<\/p>\n","protected":false},"author":1,"featured_media":0,"parent":0,"menu_order":0,"comment_status":"closed","ping_status":"closed","template":"","meta":{"footnotes":""},"class_list":["post-3722","page","type-page","status-publish","hentry"],"aioseo_notices":[],"_links":{"self":[{"href":"https:\/\/areltrailer.com\/fr\/wp-json\/wp\/v2\/pages\/3722","targetHints":{"allow":["GET"]}}],"collection":[{"href":"https:\/\/areltrailer.com\/fr\/wp-json\/wp\/v2\/pages"}],"about":[{"href":"https:\/\/areltrailer.com\/fr\/wp-json\/wp\/v2\/types\/page"}],"author":[{"embeddable":true,"href":"https:\/\/areltrailer.com\/fr\/wp-json\/wp\/v2\/users\/1"}],"replies":[{"embeddable":true,"href":"https:\/\/areltrailer.com\/fr\/wp-json\/wp\/v2\/comments?post=3722"}],"version-history":[{"count":0,"href":"https:\/\/areltrailer.com\/fr\/wp-json\/wp\/v2\/pages\/3722\/revisions"}],"wp:attachment":[{"href":"https:\/\/areltrailer.com\/fr\/wp-json\/wp\/v2\/media?parent=3722"}],"curies":[{"name":"wp","href":"https:\/\/api.w.org\/{rel}","templated":true}]}}

REMORQUE BENNE À FERAILLE

<div class="wpb-content-wrapper"><p>[vc_row][vc_column][vc_empty_space][/vc_column][/vc_row][vc_row full_width= »stretch_row_content »][vc_column width= »1/2&Prime; css= ».vc_custom_1727805812339{border-right-width: 1px !important;border-right-style: solid !important;border-color: #2D506F4D !important;} »][vc_column_text css= » »]</p>
<h3><strong>Remorque benne à ferraille</strong></h3>
<p>La <a href="https://areltrailer.com/fr/remorque-benne-a-feraille/"><strong>remorque benne à ferraille</strong></a> est un véhicule robuste conçu pour la collecte, le transport et le déchargement efficaces des matériaux de ferraille et des débris métalliques. Conçue pour répondre aux exigences du recyclage de la ferraille et de la gestion des déchets industriels, cette remorque allie durabilité et fonctionnalité pour garantir des performances fiables dans des environnements difficiles.</p>
<p>&nbsp;</p>
<p><strong>          Utilisation</strong>:            ferraille, déchets plastiques, transport de céréales</p>
<p>&nbsp;</p>
<ul>
<li>Conception sur mesure</li>
<li>Volume : 40 m3 &#8211; 85 m3</li>
<li>Matériau : HARDOX 450 -TUF 500, DOMEX S700MC, S355JR</li>
<li>Fabrication avec des dimensions et un type spécifiques selon votre demande</li>
<li>Systèmes d&rsquo;essieux auto-vireurs</li>
<li>Nombre d&rsquo;essieux : 2-3-4</li>
<li>Marque des essieux :                  SAF &#8211; BPW &#8211; MPD -TRAX &#8211;  OSMAN KOC &#8211; RELAX</li>
<li>Capacité des essieux : 12 – 14 – 16 tonnes</li>
<li>Roues : (245/70R17,5) (385/65-R22,5)   (12 R-22,5)</li>
<li>Suspension : PNEUMATIQUE, MÉCANIQUE</li>
<li>Systèmes de freinage : EBS ou ABS  &#8212; WABCO &#8211; KNORR BREMSE &#8211; HALDEX</li>
<li>Couleurs : Codes RAL à la demande du client</li>
<li>Système électrique : Sa-Ba, Aspöck</li>
</ul>
<p>[/vc_column_text][/vc_column][vc_column width= »1/2&Prime;][vc_row_inner][vc_column_inner width= »1/2&Prime;][vc_single_image image= »2816&Prime; img_size= »full » style= »vc_box_rounded » onclick= »link_image » css= » »][/vc_column_inner][vc_column_inner width= »1/2&Prime;][vc_single_image image= »2817&Prime; img_size= »full » style= »vc_box_rounded » onclick= »link_image » css= » »][/vc_column_inner][/vc_row_inner][/vc_column][vc_column width= »1/2&Prime;][vc_single_image image= »2818&Prime; img_size= »full » style= »vc_box_rounded » onclick= »link_image » css= » »][/vc_column][/vc_row][vc_row][vc_column][vc_empty_space][/vc_column][/vc_row]</p>
</div>

<p>[vc_row][vc_column][vc_empty_space][/vc_column][/vc_row][vc_row full_width= »stretch_row_content »][vc_column width= »1/2&Prime; css= ».vc_custom_1727805812339{border-right-width: 1px !important;border-right-style: solid !important;border-color: #2D506F4D !important;} »][vc_column_text css= » »] Remorque benne à ferraille La remorque benne à ferraille est un véhicule robuste conçu pour la collecte, le transport et le déchargement efficaces des matériaux de ferraille et des débris métalliques. Conçue pour répondre aux exigences du recyclage de la ferraille et de la [&hellip;]</p>
